 the remainder when x is divided by 1*-1*(-2 + -6).
6
Suppose -5*a - 2 = -3*n, -2*n + 4*a = -n + 4. What is the remainder when 5 is divided by n?
1
What is the remainder when 7 is divided by (-2)/6 + (-98)/(-42)?
1
Let a = -171 + 189. Suppose 4*q = 2*q + 66. What is the remainder when q is divided by a?
15
Let t be 6*4/(-6) - -4. Suppose t*f - 2*f + 5*i = -23, -3*f = 5*i - 72. Calculate the remainder when 37 is divided by f.
18
Let o be 37/(-7) - 4/(-14). Let n(q) = -3*q - 1. What is the remainder when 41 is divided by n(o)?
13
Let z(k) = -3*k**3 - k**2 + 3*k - 2. What is the remainder when z(-3) is divided by 17?
10
Let r(q) = -8*q**3 + q**2 + 2*q + 1. Let z be r(-1). Suppose 6 = 3*d, 4*k + 0*k + 2*d = -z. Calculate the remainder when 10 is divided by (-1 - 3)/(2/k).
4
Suppose 0 = 4*i - 30 - 30. What is the remainder when 115 is divided by i?
10
Let r be (1/3*0)/2. Suppose r*q + 4*q - 53 = 5*a, q - 2*a = 11. Calculate the remainder when q is divided by 6/(-8)*-2*4.
5
Suppose -2 = -r + 1. Let o = r - 1. Suppose 0*p + o*p - 14 = 0. Calculate the remainder when 12 is divided by p.
5
Let x = 23 + -8. Let p = 31 + 11. What is the remainder when p is divided by x?
12
Suppose -6*b = -2*b + 16. Suppose -j = -6*j - i + 85, 5*j = i + 85. Let z = j + b. Calculate the remainder when 38 is divided by z.
12
Let f = 25 + -2. What is the remainder when f is divided by (-2 - -1)*(6/(-3) - 4)?
5
Suppose -23*d + 297 = -14*d. What is the remainder when -2*(774/4)/(-3) is divided by d?
30
Suppose -6*n + 70 + 50 = 0. What is the remainder when 34 is divided by n?
14
Let d(g) = -4*g + 5. Calculate the remainder when 52 is divided by d(-1).
7
Suppose 0 = -a + 3*a - 14. Let y(f) = -f + 9. Let d be y(a). Suppose -d*i = 2*v - 0*i - 4, 5*v = 2*i + 45. Calculate the remainder when 20 is divided by v.
6
Let j = 8 - 5. What is the remainder when (2/(-3))/(6/(-45)) is divided by j?
2
Suppose -2*p = 76 + 68. Let h = -34 - p. Calculate the remainder when h is divided by 13.
12
What is the remainder when 43 is divided by (13/7 + -1)/((-2)/(-56))?
19
Let a be (20/(-6))/(2/(-12)). Suppose 0*k + 4*k + a = 0. Let q(v) = 2*v**2 + 3. Calculate the remainder when q(k) is divided by 18.
17
Let a = 35 - -11. Suppose 6*p - 24 = 4*p. Calculate the remainder when a is divided by p.
10
Let a(u) = -3*u**2 - u - 1. Let x be a(-1). Calculate the remainder when x/9 - (-76)/3 is divided by -1*(0/2 + -13).
12
Suppose -4*j + 18 = 7*m - 2*m, 5*m = j + 8. Suppose -3*l + 34 + 20 = 3*c, 2*l = j*c + 48. Calculate the remainder when l is divided by 11.
10
Let g(u) be the third derivative of u**4/24 + 11*u**3/6 - 9*u**2. Calculate the remainder when 65 is divided by g(11).
21
Let v(r) = -3*r + 3. Let p be v(3). Let a = 39 + -33. Calculate the remainder when p/4*(-2 - a) is divided by 7.
5
Suppose -298 = -l - l. Calculate the remainder when l is divided by 25.
24
Let j = -9 - -14. Calculate the remainder when 12 is divided by j.
2
Suppose 143 = 3*p - 331. What is the remainder when p is divided by 27?
23
Suppose -11*b + 6 = -13*b. Let d(p) = -p**2 + p - 1. Let k(v) = -v**2 - 1. Let t(f) = 2*d(f) - 3*k(f). What is the remainder when 14 is divided by t(b)?
2
Let a(w) = -14*w. Let g be a(1). Let j = 27 + g. What is the remainder when j is divided by 4?
1
Let o(l) = -l + 6. Let z be o(6). Suppose 2*q - 6*q + 1288 = z. Calculate the remainder when q/6 + (-6)/9 is divided by 18.
17
Suppose -11 - 3 = -3*i + f, -2*f - 10 = 0. Suppose 1 = i*m - 35. Calculate the remainder when 34 is divided by m.
10
Let r(y) = -y - 3. Let g(u) = -3*u - 1. Calculate the remainder when r(-8) is divided by g(-1).
1
Suppose -40 - 160 = -4*b. Calculate the remainder when b is divided by 13.
11
Let w(a) = a**3 - 4*a**2 + a - 3. What is the remainder when w(4) is divided by 1?
0
Let c(n) = -9*n**2 - 27*n - 12. Let h(v) = 4*v**2 + 13*v + 6. Let l(s) = -3*c(s) - 7*h(s). What is the remainder when 55 is divided by l(-5)?
17
Suppose 60 = 4*w + 2*v, -2*w + 7*w - 3*v - 64 = 0. Calculate the remainder when 51 is divided by w.
9
Suppose -5*d + 60 - 15 = 0. Let n(b) = -b - 7. What is the remainder when d is divided by n(-12)?
4
Suppose -2*p - m + 27 = 0, -3*m + 32 = 2*p - 1. Suppose 2*o + 3*o - 223 = -4*b, -85 = -2*o - 3*b. Calculate the remainder when o is divided by p.
11
Let z be 2/3 + (-4)/(-3). Suppose -16 = -y + 5*g, -4*y + z*g + g + 13 = 0. Suppose -t + 1 + y = 0. What is the remainder when t is divided by 2?
0
Let j(i) = -4*i + 7. Let v be j(-5). Suppose 0 = 2*p - v - 23. What is the remainder when 73 is divided by p?
23
Let f = 130 + -79. What is the remainder when f is divided by 27?
24
Suppose 264 + 556 = 10*j. Calculate the remainder when j is divided by 14.
12
Suppose 14 = u - h, 97 = 4*u + 4*h + 33. Calculate the remainder when 222 is divided by u.
12
Suppose -3*w - 42 = 18. Let k = -4 - w. Suppose -g + 17 + 14 = 0. Calculate the remainder when g is divided by k.
15
Suppose -3*o - 91 + 370 = 0. Calculate the remainder when o is divided by 24.
21
Let q(a) = 3*a - 2. Let n be q(2). Let p = 9 - -1. What is the remainder when p is divided by 6*n*(-1)/(-6)?
2
Let g(s) = 4*s - 14. Let u(t) = t - 5. Let a(z) = 4*g(z) - 14*u(z). Let m = -1 + 8. Calculate the remainder when a(6) is divided by m.
5
Let s be 69 + -3 + 2 + 2. Suppose 0*p + 2*p = s. Suppose 0 = 4*h - 9*h + p. What is the remainder when h is divided by 4?
3
Suppose -81 = -4*f + 5*c - 10*c, -5*f = -2*c - 60. What is the remainder when 26 is divided by f?
12
Suppose 47*o - 43*o - 212 = 0. What is the remainder when o is divided by 14?
11
Let v(t) = 6*t - 2 + t**2 - 4*t + 3*t. Let y be v(-5). Let g(l) = -2*l**3 - 3*l**2 - 2*l. What is the remainder when 23 is divided by g(y)?
7
Suppose -3*q + 12 = 0, 4*q = 3*u - 6 - 8. Suppose 2*c = -f + u, -2*f = -3*c - 0*f + 1. Suppose -m = -13 + c. What is the remainder when 19 is divided by m?
9
Suppose 0 = 4*s - 310 - 262. Calculate the remainder when s is divided by 24.
23
Suppose 15 = 5*v - 5*d, -7*v + 3*v = 5*d - 3. Suppose 2*x - 6 = 0, v*x + 123 = 5*u - 31. Calculate the remainder when u is divided by 18.
14
Let c(i) = -112*i. Let j be c(2). Let n(w) = -w**3 - 4*w**2 + 3*w + 7. What is the remainder when n(-5) is divided by j/(-24) - (-1)/(-3)?
8
Let x(p) = p + 14. Calculate the remainder when (-1 + (-10)/(-6))*39 is divided by x(-7).
5
Suppose 4*y + 14 = -2*l, 0 = -2*y - l + 2*l - 17. Calculate the remainder when 19 is divided by (100/(-35))/(y/21).
9
Let o = 5 + 10. Suppose 3*m - 4*m = o. Let t = 0 - m. Calculate the remainder when 58 is divided by t.
13
Suppose 0 = 4*d + 5*a - 63, 4*d - 135 = -d + 5*a. Let t = 35 - d. Calculate the remainder when 24 is divided by t.
11
Let f be (-2)/(-6)*3*-18. Let z = f - -28. Let c = -15 - -19. What is the remainder when z is divided by c?
2
Suppose 5*c - 44 = c. Suppose -5*v + 3 + 147 = 0. Suppose o - v - 2 = 0. What is the remainder when o is divided by c?
10
Let a(b) = -b + 15. Calculate the remainder when 87 is divided by a(-3).
15
Suppose -2*b + 5*h = -103, b - 2*h - 205 = -4*b. Suppose 4*j - b = -3*d, -d - 2*d + 15 = 0. Calculate the remainder when 9 is divided by j.
3
Suppose 5*j - 3*j = -z + 27, -4*z + 9 = -j. Calculate the remainder when 18 is divided by j.
7
Suppose -4*y + 3*k + 346 + 89 = 0, -25 = 5*k. What is the remainder when y is divided by 27?
24
Let p = -740 - -411. Let g = -229 - p. Suppose 0*r = 4*r - g. Calculate the remainder when r is divided by 9.
7
What is the remainder when 250/15*(-1 + 4) is divided by 17?
16
Let d(b) = 18*b + 3. Let h(w) = w**2 + 8*w - 6. Let u be h(-9). Calculate the remainder when d(u) is divided by 15.
12
Suppose 0 = -z - 3, 2*h = 3*h + z - 4. Let c = 3 - -1. What is the remainder when h is divided by c?
3
Let i(p) = p**2 + 8*p + 3. Let q = -3 + 6. What is the remainder when (1 + (-2)/q)*15 is divided by i(-8)?
2
Let w = -12 - -15. Suppose -67 = -5*n + 2*o, -5*n + 71 = w*o - 4*o. Calculate the remainder when 72 is divided by n.
12
Suppose -5*y + 350 = 5*y. Calculate the remainder when 66 is divided by y.
31
Let r(u) = -u + 13. Let s be r(8). Suppose 0 = -s*d - 12 + 157. What is the remainder when d is divided by 10?
9
Let z(k) = 4*k + 11*k**2 - 5*k - 8*k**2. Suppose -q + 0 = -1. What is the remainder when 4 is divided by z(q)?
0
Suppose p + 300 = 6*p